rue
Is 732674765 composite?
True
Is 94098523 a prime number?
False
Is 47254954 composite?
True
Is 86303417 prime?
True
Is 7139071 a composite number?
False
Is 1315837 a prime number?
True
Is 8850839 a composite number?
False
Is 219495257 a composite number?
True
Is 89207153 prime?
False
Is 66997951 composite?
True
Is 1299949 a composite number?
True
Is 3381811 prime?
False
Is 23703641 a prime number?
False
Is 4645783 a prime number?
True
Is 110548873 prime?
False
Is 286936967 composite?
False
Is 75660358 a composite number?
True
Is 3698879 a composite number?
True
Is 20875577 prime?
True
Is 459057503 prime?
True
Is 80606419 a composite number?
True
Is 36942583 composite?
False
Is 2393717 prime?
True
Is 23144783 a composite number?
True
Is 51429043 composite?
False
Is 1017671 composite?
True
Is 90966869 a prime number?
False
Is 812247 a prime number?
False
Is 2550613 prime?
False
Is 748281466 a composite number?
True
Is 558607 composite?
True
Is 1846441 composite?
False
Is 3603437 a composite number?
False
Is 3721027 prime?
True
Is 22307981 a composite number?
True
Is 37131271 composite?
True
Is 26356703 composite?
True
Is 109703287 composite?
False
Is 233939 composite?
False
Is 1330579 a composite number?
True
Is 26609083 prime?
True
Is 8741 a composite number?
False
Is 31829 a composite number?
True
Is 10944599 a prime number?
True
Is 10321721 composite?
False
Is 206341 a composite number?
False
Is 380610838 a prime number?
False
Is 2070239 prime?
True
Is 12042791 prime?
False
Is 20639659 composite?
True
Is 12209147 prime?
True
Is 70247341 a composite number?
False
Is 128753587 a prime number?
True
Is 760993 a prime number?
True
Is 14309089 a prime number?
True
Is 2335871 prime?
True
Is 1086317 a composite number?
True
Is 904606517 prime?
True
Is 4331573 composite?
False
Is 201337099 a prime number?
False
Is 494441 prime?
True
Is 9978613 a prime number?
True
Is 78351761 a composite number?
True
Is 10456777 composite?
False
Is 4941953 a composite number?
True
Is 20537873 a prime number?
False
Is 811925839 composite?
False
Is 23994277 a composite number?
True
Is 21703 composite?
True
Is 78170897 a composite number?
True
Is 55759739 a composite number?
True
Is 9954409 composite?
True
Is 884719 a prime number?
False
Is 99917069 composite?
True
Is 591934163 a prime number?
False
Is 399343133 prime?
False
Is 324668689 a composite number?
True
Is 336241799 prime?
True
Is 613086829 prime?
True
Is 20093707 prime?
True
Is 40556017 composite?
False
Is 2965579 composite?
False
Is 1155097 composite?
False
Is 10622549 prime?
False
Is 563879 prime?
False
Is 96363545 composite?
True
Is 1700719561 a prime number?
True
Is 21691237 a composite number?
True
Is 32319901 a prime number?
True
Is 504061 a prime number?
True
Is 2987717 prime?
False
Is 2054254 a prime number?
False
Is 18756037 composite?
False
Is 683237 composite?
True
Is 123837701 composite?
True
Is 432103 composite?
True
Is 70427713 prime?
True
Is 2268779 a composite number?
False
Is 19325783 a composite number?
False
Is 31927999 composite?
True
Is 73000281 a prime number?
False
Is 1795967 composite?
False
Is 1400831 a composite number?
True
Is 39255287 a prime number?
True
Is 19678489 a prime number?
True
Is 24670411 prime?
True
Is 447893 a composite number?
False
Is 102957001 composite?
True
Is 23654363 prime?
True
Is 227211241 a composite number?
False
Is 7368341 a prime number?
False
Is 530478857 a prime number?
True
Is 511676027 a composite number?
False
Is 141699227 a composite number?
True
Is 37301089 prime?
False
Is 6117053 a prime number?
True
Is 1743943 a prime number?
False
Is 19490819 a composite number?
False
Is 228622351 composite?
False
Is 1496681 a prime number?
False
Is 44337103 composite?
False
Is 4273462 a prime number?
False
Is 430087 composite?
True
Is 286572929 composite?
False
Is 2537419 a composite number?
False
Is 273733 prime?
False
Is 207904037 a prime number?
False
Is 10259533 a prime number?
False
Is 2564813 a composite number?
False
Is 632057 prime?
False
Is 235254277 a prime number?
True
Is 9415891 composite?
True
Is 15685343 prime?
True
Is 144796907 prime?
True
Is 116406379 prime?
False
Is 24806999 prime?
False
Is 19841431 prime?
False
Is 4264471 prime?
True
Is 9011171 composite?
True
Is 10817581 composite?
True
Is 8956291 prime?
True
Is 392803 composite?
False
Is 17836415 a prime number?
False
Is 3763699 a prime number?
True
Is 7931851 a composite number?
True
Is 970429 prime?
False
Is 2929453 prime?
True
Is 5343017 prime?
False
Is 97285231 a composite number?
False
Is 54430127 a composite number?
False
Is 2869613 composite?
False
Is 7430929 a composite number?
True
Is 9765947 prime?
False
Is 33800737 a composite number?
False
Is 1935281 a composite number?
False
Is 4161943 prime?
True
Is 15045661 composite?
False
Is 44752627 prime?
True
Is 140144623 composite?
False
Is 5075807 a composite number?
True
Is 25597463 composite?
True
Is 74484301 prime?
True
Is 98580707 a composite number?
False
Is 46627961 a prime number?
True
Is 5286566 prime?
False
Is 2853533 a prime number?
True
Is 44192321 a composite number?
False
Is 8904401 composite?
True
Is 7138273 prime?
True
Is 1916405 prime?
False
Is 12504017 composite?
True
Is 7848943 a prime number?
True
Is 3978773 a prime number?
True
Is 1959073 a prime number?
True
Is 1730563 a composite number?
True
Is 760577 prime?
False
Is 130960747 a composite number?
False
Is 578618 composite?
True
Is 3799547 composite?
False
Is 22036489 a prime number?
False
Is 2809822 a prime number?
False
Is 61614247 prime?
False
Is 83899093 composite?
False
Is 206180797 a composite number?
True
Is 387671 prime?
False
Is 40562411 a composite number?
True
Is 11323167 prime?
False
Is 9336853 prime?
True
Is 1072901 a prime number?
True
Is 6080761 a prime number?
True
Is 5257463 prime?
True
Is 29199577 a prime number?
False
Is 7328635 prime?
False
Is 48343069 a composite number?
True
Is 2266687 a composite number?
True
Is 1239985 a prime number?
False
Is 194081347 a prime number?
False
Is 188107 composite?
False
Is 24161893 composite?
True
Is 698507 a prime number?
True
Is 1295159 prime?
True
Is 892141 prime?
True
Is 29812529 prime?
False
Is 19845901 prime?
True
Is 5398139 prime?
True
Is 58507787 a prime number?
False
Is 7701497 composite?
False
Is 20981747 prime?
True
Is 198907783 a prime number?
True
Is 4559738 prime?
False
Is 6604561 a prime number?
True
Is 178038291 prime?
False
Is 14467721 composite?
True
Is 33110021 a prime number?
False
Is 273855467 a prime number?
False
Is 10355629 a prime number?
True
Is 15593953 prime?
True
Is 852978031 a composite number?
False
Is 140062957 a composite number?
False
Is 34306537 a prime number?
True
Is 16631299 a prime number?
False
Is 754499 composite?
True
Is 3163 prime?
True
Is 8282851 prime?
True
Is 10787803 prime?
False
Is 1805219 composite?
True
Is 123441551 a prime number?
False
Is 270969547 prime?
False
Is 10396399 a composite number?
True
Is 170125751 composite?
False
Is 26468686 a prime number?
False
Is 243921 prime?
False
Is 160553093 a composite number?
False
Is 9054499 a composite number?
False
Is 1402033 a prime number?
False
Is 69562921 composite?
True
Is 4218509 a prime number?
True
Is 1923011 prime?
False
Is 96643 a composite number?
False
Is 252363809 a prime number?
True
Is 15290051 a composite number?
True
Is 18556133 a prime number?
True
Is 571611 prime?
False
Is 1383341 composite?
True
Is 14183201 composite?
False
Is 3515321 prime?
True
Is 3086131 prime?
True
Is 43396033 a composite number?
True
Is 10500333 a prime number?
False
Is 37926047 prime?
False
Is 1348027 composite?
False
Is 50190857 prime?
True
Is 262057267 composite?
False
Is 767729 a prime number?
True
Is 10535717 prime?
True
Is 13329863 prime?
False
Is 592117 a composite number?
True
Is 11856217 a composite number?
True
Is 5844707 composite?
True
Is 851147257 prime?
True
Is 128241479 a prime number?
True
Is 550859 a composite number?
False
Is 7446791 prime?
False
Is 488369 prime?
False
Is 37285167 prime?
False
Is 206891 a composite number?
True
Is 13124593 a composite number?
False
Is 89029813 a composite number?
True
Is 8395577 prime?
False
Is 465764986 composite?
True
Is 39048709 composite?
True
Is 458089 a composite 